{"id":24,"date":"2021-12-03T13:14:35","date_gmt":"2021-12-03T12:14:35","guid":{"rendered":"http:\/\/passionvehiculesvaldesaone.com\/?page_id=24"},"modified":"2023-05-23T08:55:40","modified_gmt":"2023-05-23T06:55:40","slug":"le-club-dans-la-presse","status":"publish","type":"page","link":"https:\/\/passionvehiculesvaldesaone.com\/index.php\/le-club-dans-la-presse\/","title":{"rendered":"Le club dans la presse"},"content":{"rendered":"\n<p>Article de l&rsquo;Est R\u00e9publicain du lundi 15 mai 2023, merci \u00e0 toute l&rsquo;\u00e9quipe de l&rsquo;Est R\u00e9publicain pour ce bel article sur notre 2 eme exposition de printemps du dimanche 14 mai.<\/p>\n\n\n\n<div data-wp-interactive=\"core\/file\" class=\"wp-block-file\"><object data-wp-bind--hidden=\"!state.hasPdfPreview\"  class=\"wp-block-file__embed\" data=\"https:\/\/passionvehiculesvaldesaone.com\/wp-content\/uploads\/2023\/05\/article-est-rbulicain-15-mai-2023.pdf\" type=\"application\/pdf\" style=\"width:100%;height:600px\" aria-label=\"Contenu embarqu\u00e9 Contenu embarqu\u00e9 article-est-repulicain-15-mai-2023..\"><\/object><a href=\"https:\/\/passionvehiculesvaldesaone.com\/wp-content\/uploads\/2023\/05\/article-est-rbulicain-15-mai-2023.pdf\">article-est-repulicain-15-mai-2023<\/a><a href=\"https:\/\/passionvehiculesvaldesaone.com\/wp-content\/uploads\/2023\/05\/article-est-rbulicain-15-mai-2023.pdf\" class=\"wp-block-file__button\" download>T\u00e9l\u00e9charger<\/a><\/div>\n\n\n\n<p>Premi\u00e8re parution dans la presse locale, article du jeudi 24 Mars 2022 avec nos remerciements \u00e0 Didier Cheminot pour sa plume et \u00e0 La Presse de GRAY<\/p>\n\n\n\n<figure class=\"wp-block-image\"><img decoding=\"async\" src=\"https:\/\/www.lapressedegray.com\/photos\/maxi\/29375.jpg\" alt=\"L'auto de collection, mais en mode populaire\"\/><figcaption>\u00ab\u00a0<strong>C&rsquo;est le c\u0153ur de cible de Passion V\u00e9hicules du Val de Sa\u00f4ne, un club fra\u00eechement cr\u00e9\u00e9 sur le Graylois, et qui peaufine d\u00e9j\u00e0 sa toute premi\u00e8re exposition, pr\u00e9vue le 15 mai \u00e0 la halle Perrey \u00e0 Arc les Gray<\/strong>&#8230;&#8230;.\u00a0\u00bb<\/figcaption><\/figure>\n\n\n\n<p>Parution des coordonn\u00e9es de notre club sur RETROCALAGE.COM <\/p>\n\n\n\n<figure class=\"wp-block-image size-full\"><img loading=\"lazy\" decoding=\"async\" width=\"760\" height=\"451\" src=\"https:\/\/passionvehiculesvaldesaone.com\/wp-content\/uploads\/2022\/04\/adresse-club-dans-retrocalage.jpg\" alt=\"\" class=\"wp-image-302\" srcset=\"https:\/\/passionvehiculesvaldesaone.com\/wp-content\/uploads\/2022\/04\/adresse-club-dans-retrocalage.jpg 760w, https:\/\/passionvehiculesvaldesaone.com\/wp-content\/uploads\/2022\/04\/adresse-club-dans-retrocalage-300x178.jpg 300w\" sizes=\"(max-width: 760px) 100vw, 760px\" \/><figcaption>https:\/\/retrocalage.com\/region_franchecomte\/club.php?selectionnom=1537<\/figcaption><\/figure>\n\n\n\n<p>Parution de notre \u00e9v\u00e9nement du 15 mai 2022 &#8211; Premi\u00e8re Expo de Printemps \u00e0 la Halle Perrey \u00e0 Arc les GRay<\/p>\n\n\n\n<figure class=\"wp-block-image size-full\"><img loading=\"lazy\" decoding=\"async\" width=\"765\" height=\"584\" src=\"https:\/\/passionvehiculesvaldesaone.com\/wp-content\/uploads\/2022\/04\/evenement-expo-retrocalage.jpg\" alt=\"\" class=\"wp-image-303\" srcset=\"https:\/\/passionvehiculesvaldesaone.com\/wp-content\/uploads\/2022\/04\/evenement-expo-retrocalage.jpg 765w, https:\/\/passionvehiculesvaldesaone.com\/wp-content\/uploads\/2022\/04\/evenement-expo-retrocalage-300x229.jpg 300w\" sizes=\"(max-width: 765px) 100vw, 765px\" \/><figcaption>https:\/\/retrocalage.com\/region_franchecomte\/index.php<\/figcaption><\/figure>\n\n\n\n<p>Article de l&rsquo;Est R\u00e9publicain paru le dimanche pr\u00e9c\u00e9dent notre 1ere Exposition de Printemps. Merci \u00e0 Maxime Chevier et son \u00e9quipe.<\/p>\n\n\n\n<figure class=\"wp-block-image size-full\"><img loading=\"lazy\" decoding=\"async\" width=\"526\" height=\"935\" src=\"https:\/\/passionvehiculesvaldesaone.com\/wp-content\/uploads\/2022\/05\/article-lEst-republicain.jpg\" alt=\"\" class=\"wp-image-326\" srcset=\"https:\/\/passionvehiculesvaldesaone.com\/wp-content\/uploads\/2022\/05\/article-lEst-republicain.jpg 526w, https:\/\/passionvehiculesvaldesaone.com\/wp-content\/uploads\/2022\/05\/article-lEst-republicain-169x300.jpg 169w\" sizes=\"(max-width: 526px) 100vw, 526px\" \/><\/figure>\n\n\n\n<p>La Presse de Gray nous fait un bel article suite \u00e0 notre 1 \u00e8re Exposition de Printemps o\u00f9 beaucoup de propri\u00e9taires de v\u00e9hicules sont venus ainsi que les visiteurs. Nous les remercions tous et leurs disons \u00e0 l&rsquo;ann\u00e9e prochaine&#8230;.<\/p>\n\n\n\n<figure class=\"wp-block-image size-full\"><img loading=\"lazy\" decoding=\"async\" width=\"720\" height=\"540\" src=\"https:\/\/passionvehiculesvaldesaone.com\/wp-content\/uploads\/2022\/05\/la-Presse-de-Gray-apres-15-mai-2022.jpg\" alt=\"\" class=\"wp-image-327\" srcset=\"https:\/\/passionvehiculesvaldesaone.com\/wp-content\/uploads\/2022\/05\/la-Presse-de-Gray-apres-15-mai-2022.jpg 720w, https:\/\/passionvehiculesvaldesaone.com\/wp-content\/uploads\/2022\/05\/la-Presse-de-Gray-apres-15-mai-2022-300x225.jpg 300w\" sizes=\"(max-width: 720px) 100vw, 720px\" \/><\/figure>\n","protected":false},"excerpt":{"rendered":"<p>Article de l&rsquo;Est R\u00e9publicain du lundi 15 mai 2023, merci \u00e0 toute l&rsquo;\u00e9quipe de l&rsquo;Est R\u00e9publicain pour ce bel article sur notre 2 eme exposition de printemps du dimanche 14 [&hellip;]<\/p>\n","protected":false},"author":1,"featured_media":0,"parent":0,"menu_order":0,"comment_status":"closed","ping_status":"closed","template":"","meta":{"footnotes":""},"_links":{"self":[{"href":"https:\/\/passionvehiculesvaldesaone.com\/index.php\/wp-json\/wp\/v2\/pages\/24"}],"collection":[{"href":"https:\/\/passionvehiculesvaldesaone.com\/index.php\/wp-json\/wp\/v2\/pages"}],"about":[{"href":"https:\/\/passionvehiculesvaldesaone.com\/index.php\/wp-json\/wp\/v2\/types\/page"}],"author":[{"embeddable":true,"href":"https:\/\/passionvehiculesvaldesaone.com\/index.php\/wp-json\/wp\/v2\/users\/1"}],"replies":[{"embeddable":true,"href":"https:\/\/passionvehiculesvaldesaone.com\/index.php\/wp-json\/wp\/v2\/comments?post=24"}],"version-history":[{"count":9,"href":"https:\/\/passionvehiculesvaldesaone.com\/index.php\/wp-json\/wp\/v2\/pages\/24\/revisions"}],"predecessor-version":[{"id":1115,"href":"https:\/\/passionvehiculesvaldesaone.com\/index.php\/wp-json\/wp\/v2\/pages\/24\/revisions\/1115"}],"wp:attachment":[{"href":"https:\/\/passionvehiculesvaldesaone.com\/index.php\/wp-json\/wp\/v2\/media?parent=24"}],"curies":[{"name":"wp","href":"https:\/\/api.w.org\/{rel}","templated":true}]}}

<p>Article de l&rsquo;Est Républicain du lundi 15 mai 2023, merci à toute l&rsquo;équipe de l&rsquo;Est Républicain pour ce bel article sur notre 2 eme exposition de printemps du dimanche 14 mai.</p>



<div data-wp-interactive="core/file" class="wp-block-file"><object data-wp-bind--hidden="!state.hasPdfPreview"  class="wp-block-file__embed" data="https://passionvehiculesvaldesaone.com/wp-content/uploads/2023/05/article-est-rbulicain-15-mai-2023.pdf" type="application/pdf" style="width:100%;height:600px" aria-label="Contenu embarqué Contenu embarqué article-est-repulicain-15-mai-2023.."></object><a href="https://passionvehiculesvaldesaone.com/wp-content/uploads/2023/05/article-est-rbulicain-15-mai-2023.pdf">article-est-repulicain-15-mai-2023</a><a href="https://passionvehiculesvaldesaone.com/wp-content/uploads/2023/05/article-est-rbulicain-15-mai-2023.pdf" class="wp-block-file__button" download>Télécharger</a></div>



<p>Première parution dans la presse locale, article du jeudi 24 Mars 2022 avec nos remerciements à Didier Cheminot pour sa plume et à La Presse de GRAY</p>



<figure class="wp-block-image"><img decoding="async" src="https://www.lapressedegray.com/photos/maxi/29375.jpg" alt="L'auto de collection, mais en mode populaire"/><figcaption>« <strong>C&rsquo;est le cœur de cible de Passion Véhicules du Val de Saône, un club fraîchement créé sur le Graylois, et qui peaufine déjà sa toute première exposition, prévue le 15 mai à la halle Perrey à Arc les Gray</strong>&#8230;&#8230;. »</figcaption></figure>



<p>Parution des coordonnées de notre club sur RETROCALAGE.COM </p>



<figure class="wp-block-image size-full"><img loading="lazy" decoding="async" width="760" height="451" src="https://passionvehiculesvaldesaone.com/wp-content/uploads/2022/04/adresse-club-dans-retrocalage.jpg" alt="" class="wp-image-302" srcset="https://passionvehiculesvaldesaone.com/wp-content/uploads/2022/04/adresse-club-dans-retrocalage.jpg 760w, https://passionvehiculesvaldesaone.com/wp-content/uploads/2022/04/adresse-club-dans-retrocalage-300x178.jpg 300w" sizes="(max-width: 760px) 100vw, 760px" /><figcaption>https://retrocalage.com/region_franchecomte/club.php?selectionnom=1537</figcaption></figure>



<p>Parution de notre événement du 15 mai 2022 &#8211; Première Expo de Printemps à la Halle Perrey à Arc les GRay</p>



<figure class="wp-block-image size-full"><img loading="lazy" decoding="async" width="765" height="584" src="https://passionvehiculesvaldesaone.com/wp-content/uploads/2022/04/evenement-expo-retrocalage.jpg" alt="" class="wp-image-303" srcset="https://passionvehiculesvaldesaone.com/wp-content/uploads/2022/04/evenement-expo-retrocalage.jpg 765w, https://passionvehiculesvaldesaone.com/wp-content/uploads/2022/04/evenement-expo-retrocalage-300x229.jpg 300w" sizes="(max-width: 765px) 100vw, 765px" /><figcaption>https://retrocalage.com/region_franchecomte/index.php</figcaption></figure>



<p>Article de l&rsquo;Est Républicain paru le dimanche précédent notre 1ere Exposition de Printemps. Merci à Maxime Chevier et son équipe.</p>



<figure class="wp-block-image size-full"><img loading="lazy" decoding="async" width="526" height="935" src="https://passionvehiculesvaldesaone.com/wp-content/uploads/2022/05/article-lEst-republicain.jpg" alt="" class="wp-image-326" srcset="https://passionvehiculesvaldesaone.com/wp-content/uploads/2022/05/article-lEst-republicain.jpg 526w, https://passionvehiculesvaldesaone.com/wp-content/uploads/2022/05/article-lEst-republicain-169x300.jpg 169w" sizes="(max-width: 526px) 100vw, 526px" /></figure>



<p>La Presse de Gray nous fait un bel article suite à notre 1 ère Exposition de Printemps où beaucoup de propriétaires de véhicules sont venus ainsi que les visiteurs. Nous les remercions tous et leurs disons à l&rsquo;année prochaine&#8230;.</p>



<figure class="wp-block-image size-full"><img loading="lazy" decoding="async" width="720" height="540" src="https://passionvehiculesvaldesaone.com/wp-content/uploads/2022/05/la-Presse-de-Gray-apres-15-mai-2022.jpg" alt="" class="wp-image-327" srcset="https://passionvehiculesvaldesaone.com/wp-content/uploads/2022/05/la-Presse-de-Gray-apres-15-mai-2022.jpg 720w, https://passionvehiculesvaldesaone.com/wp-content/uploads/2022/05/la-Presse-de-Gray-apres-15-mai-2022-300x225.jpg 300w" sizes="(max-width: 720px) 100vw, 720px" /></figure>

<p>Article de l&rsquo;Est Républicain du lundi 15 mai 2023, merci à toute l&rsquo;équipe de l&rsquo;Est Républicain pour ce bel article sur notre 2 eme exposition de printemps du dimanche 14 [&hellip;]</p>
