{"id":14,"date":"2021-12-03T13:03:48","date_gmt":"2021-12-03T12:03:48","guid":{"rendered":"http:\/\/passionvehiculesvaldesaone.com\/?page_id=14"},"modified":"2022-01-20T21:09:42","modified_gmt":"2022-01-20T20:09:42","slug":"notre-club","status":"publish","type":"page","link":"https:\/\/passionvehiculesvaldesaone.com\/index.php\/notre-club\/","title":{"rendered":"L&rsquo;association"},"content":{"rendered":"\n<p>Passionn\u00e9s de v\u00e9hicules quelque soit le type ou le mod\u00e8le, des d\u00e9buts de l\u2019histoire de l\u2019automobile avec ses mod\u00e8les de plus en plus rares, sur nos routes ou nos expositions, \u00e0 nos mod\u00e8les d\u2019aujourd\u2019hui ou d\u2019hier pr\u00e9sentant un caract\u00e8re d\u2019exception.<\/p>\n\n\n\n<p><strong>Amatrices<\/strong> et <strong>amateurs<\/strong>, <strong>heureux propri\u00e9taires<\/strong> d\u2019un <strong>v\u00e9hicule<\/strong> \u00e0 <strong>4<\/strong> ou <strong>2 roues<\/strong> (voitures, utilitaires, tracteurs, camion, sportives, motos, mobylettes, cyclomoteurs, etc\u2026) n\u2019h\u00e9sitez pas \u00e0 nous contacter et nous rejoindre.<\/p>\n\n\n\n<p> Vous pouvez faire un mail \u00e0 l\u2019adresse du club <a rel=\"noreferrer noopener\" href=\"mailto:contact@passionvehiculesvaldesaone.com\" target=\"_blank\">contact@passionvehiculesvaldesaone.com<\/a>,<\/p>\n\n\n\n<p>par notre site, par les pages <a href=\"https:\/\/passionvehiculesvaldesaone.com\/index.php\/nous-contacter\/\" target=\"_blank\" rel=\"noreferrer noopener\">nous contacter<\/a> ou <a rel=\"noreferrer noopener\" href=\"https:\/\/passionvehiculesvaldesaone.com\/index.php\/bulletin-dinscription\/\" target=\"_blank\">page bulletin d\u2019adh\u00e9sion<\/a>, par t\u00e9l\u00e9phone, Facebook ou Instagram.<\/p>\n\n\n\n<p>A bient\u00f4t, v\u00e9hiculement votre.<\/p>\n\n\n\n<p>Le bureau<\/p>\n","protected":false},"excerpt":{"rendered":"<p>Passionn\u00e9s de v\u00e9hicules quelque soit le type ou le mod\u00e8le, des d\u00e9buts de l\u2019histoire de l\u2019automobile avec ses mod\u00e8les de plus en plus rares, sur nos routes ou nos expositions, [&hellip;]<\/p>\n","protected":false},"author":1,"featured_media":0,"parent":0,"menu_order":0,"comment_status":"closed","ping_status":"closed","template":"","meta":{"footnotes":""},"_links":{"self":[{"href":"https:\/\/passionvehiculesvaldesaone.com\/index.php\/wp-json\/wp\/v2\/pages\/14"}],"collection":[{"href":"https:\/\/passionvehiculesvaldesaone.com\/index.php\/wp-json\/wp\/v2\/pages"}],"about":[{"href":"https:\/\/passionvehiculesvaldesaone.com\/index.php\/wp-json\/wp\/v2\/types\/page"}],"author":[{"embeddable":true,"href":"https:\/\/passionvehiculesvaldesaone.com\/index.php\/wp-json\/wp\/v2\/users\/1"}],"replies":[{"embeddable":true,"href":"https:\/\/passionvehiculesvaldesaone.com\/index.php\/wp-json\/wp\/v2\/comments?post=14"}],"version-history":[{"count":6,"href":"https:\/\/passionvehiculesvaldesaone.com\/index.php\/wp-json\/wp\/v2\/pages\/14\/revisions"}],"predecessor-version":[{"id":246,"href":"https:\/\/passionvehiculesvaldesaone.com\/index.php\/wp-json\/wp\/v2\/pages\/14\/revisions\/246"}],"wp:attachment":[{"href":"https:\/\/passionvehiculesvaldesaone.com\/index.php\/wp-json\/wp\/v2\/media?parent=14"}],"curies":[{"name":"wp","href":"https:\/\/api.w.org\/{rel}","templated":true}]}}